ctors of z.
2, 3
Let j be ((1 - 0) + (-3)/9)*33. Suppose -8*a + j = 6. List the prime factors of a.
2
Suppose -2*q - 2697 = -w, -5401 = -27*w + 25*w - 3*q. List the prime factors of w.
2699
Suppose -5*b + 498 = -342. List the prime factors of b.
2, 3, 7
Let z be (-33)/(-18) + (-1)/(-6). Suppose -4*n - 16 = 5*o, z*n - 7*n - 20 = -o. Suppose 3*c - 169 = f, -4*f + 4 + 4 = o. List the prime factors of c.
3, 19
Let g be (-5)/(-1*15)*366. Suppose 127*s - 725 = g*s. List the prime factors of s.
5, 29
Suppose -5*b + 984 = 209. What are the prime factors of b?
5, 31
Let j(r) = -r**3 + 7*r**2 - 8*r + 33. Let s be j(5). Suppose -2*o - 4*d + 48 = 0, -5*o + 4*d + 107 = d. Let c = s - o. What are the prime factors of c?
3, 7
Let q = -93 - -163. Suppose 3*w = o + 265, w - q = 3*o + o. What are the prime factors of w?
2, 3, 5
What are the prime factors of ((-2)/5)/((20/(-2))/5700)?
2, 3, 19
Let c(f) be the second derivative of -f**5/20 - 5*f**4/6 - 13*f**3/6 - 5*f**2 - 5*f. Let j be c(-9). Suppose 0 = -0*x - x + j. What are the prime factors of x?
2, 13
Let j(a) = 81*a + 87. What are the prime factors of j(10)?
3, 13, 23
Let m = 136 - -169. Suppose 0 = 6*q - m - 493. List the prime factors of q.
7, 19
Let r be -4*(-4)/(2 - -6). Let t(k) = k**3 + k**2 - 64. Let w be t(0). List the prime factors of r - w - (-5 - -8).
3, 7
Let f(o) = 13*o**3 - o**2 + 5*o + 4. Let h be f(-3). What are the prime factors of 1/4 + 1 + h/(-4)?
2, 47
Suppose 8 = 2*z - l + 3, 4*z = 4*l. List the prime factors of z*(-3)/((-60)/784).
2, 7
Let m = -20 + 11. Let d(p) = p**2 + 9*p + 4. Let j be d(m). Suppose 61 = j*b - 51. List the prime factors of b.
2, 7
Suppose 5*i - 5899 = 12*n - 11*n, -i + n = -1183. List the prime factors of i.
3, 131
Suppose -2*h - 3*w + 8*w - 142 = 0, -2*w = 5*h + 384. Let u = h + 185. What are the prime factors of u?
109
What are the prime factors of ((-8)/(-16))/((-6)/(-8772))?
17, 43
Let y = 7015 - 4076. List the prime factors of y.
2939
Let n(a) = -a**3 + 32*a**2 + 31*a - 100. What are the prime factors of n(32)?
2, 223
List the prime factors of 10/15 + (-2)/((-6)/2809).
937
Let f(q) = -9*q + 300. Let n be f(0). Let t = n + -142. What are the prime factors of t?
2, 79
Let u(s) = s**3 - 11*s**2 + 11. Let d be u(11). Let t be ((-10)/(-8))/(17/204). Let w = t - d. What are the prime factors of w?
2
Let v = -111 - -111. Suppose v = 6*d - 295 - 521. List the prime factors of d.
2, 17
Suppose -2*x - 2*x + 2*m + 198 = 0, -4*x = 3*m - 193. Let h = 10 + x. What are the prime factors of h?
59
Let t = 435 + -189. List the prime factors of t.
2, 3, 41
List the prime factors of 4/5*(-2685)/(-6).
2, 179
Suppose 8*b - 3*b - 510 = 0. Suppose -3*a = -0*a - b. Let m = -21 + a. What are the prime factors of m?
13
Let c(s) = 44*s**2 + 12*s + 6. What are the prime factors of c(-2)?
2, 79
Let p = 134 - -333. List the prime factors of p.
467
Let q be 8*20 - (-8)/8. Suppose 0 = 4*p + 3*n - q, -3*n = -5*p - 7*n + 200. What are the prime factors of p?
2, 11
Let m = -147 - -283. Suppose 2*j = 2*n + 470, 4*j - m - 809 = 3*n. What are the prime factors of j?
2, 3, 5
Let r(b) = 5*b**2 - b - 1. Let y be r(2). Suppose -y = -2*w + 3*d + 2, -d = 5*w - 5. List the prime factors of ((-9)/w)/((-2)/4).
3
Let u(m) = m**2 - 3*m - 6. Let f be u(5). Suppose 0 = -j + 5*j - 72. Suppose -3*q + 0*q + j = 2*d, -f*q + 25 = 3*d. List the prime factors of d.
3
Let w(l) = -5*l + 4*l**3 - 3*l**3 - 7*l + 6 - 7*l**2. Let s be ((-45)/10)/(22/(-4) + 5). List the prime factors of w(s).
2, 3, 5
What are the prime factors of 25890/50 + 12/10?
3, 173
Suppose -15*p = -3*p - 12672. What are the prime factors of p?
2, 3, 11
Let t(j) = -32*j**3 - 7*j**2 - 10*j - 20. What are the prime factors of t(-5)?
3, 5, 257
Let h be (4 + (-340)/(-12) - 4)*-3. Let j = h - -242. What are the prime factors of j?
157
List the prime factors of (-74535)/(-75) + (-12)/15.
3, 331
Suppose 0 = 16*l - 21960 - 312. What are the prime factors of l?
2, 3, 29
Suppose 8*u = 10*u - 502. List the prime factors of u.
251
Suppose 5*l - 68 - 47 = 0. Suppose 5*v + 5*n + 63 - 183 = 0, -l = -v - 2*n. List the prime factors of v.
5
Let y(p) = -p + 14. Let r be y(12). Let s(c) = -10 + r*c - 11 + 43*c**2 + 22. List the prime factors of s(-1).
2, 3, 7
Let r = -9 + 5. Let h(n) = 2*n**2 - 5*n + 3. List the prime factors of h(r).
5, 11
What are the prime factors of 53/4*(-364)/(-13)?
7, 53
Let c(i) = -2*i**3 - 12*i**2 + 16*i. What are the prime factors of c(-10)?
2, 5
Let k(w) = w + 10. Let z be k(-6). Suppose -z*d = -3*d - 35. List the prime factors of d.
5, 7
Suppose 3*u = -0*u + 87. Suppose 0 = 5*m - 711 - u. List the prime factors of m.
2, 37
Suppose -4921 = 36*n - 43*n. List the prime factors of n.
19, 37
Let i(d) = -d**2 + 7*d + 24. Let y be i(7). Let h(j) = -j**3 + 23*j**2 + 28*j + 57. List the prime factors of h(y).
3, 17
Suppose 9*p = 3*p + 18. Suppose 2*v + m - 78 = 0, 5*v + 74 - 258 = p*m. List the prime factors of v.
2, 19
Let i(g) = -g**2 - 9*g - 9. Let x be i(-2). Suppose 0*t = -4*c + 5*t + 873, -x*c = 4*t - 1122. List the prime factors of c.
2, 3, 37
Suppose -4*b = 3*f - 31, f - 7 = -2. Suppose -3*c = -12, x + 74 = 4*x - b*c. What are the prime factors of x?
2, 3, 5
Let r(p) = 3*p**2 + 4*p + 51. Let n be r(-7). Suppose 0 = -v + 2*c + n, 0 = 3*v + 5*c - 163 - 314. List the prime factors of v.
2, 41
Suppose -2315 = 9*k - 10451. List the prime factors of k.
2, 113
Suppose h - 36 - 89 = d, -5*h - 4*d = -580. Suppose 6*n - h = 2*n. What are the prime factors of n?
2, 3, 5
Suppose 2*v - 4 = -2*j, -j - 10 = v + 3*j. Let f be 33/7 - v/(-21). Suppose f*x - 39 - 61 = 0. What are the prime factors of x?
2, 5
Let w = 7485 + -4720. What are the prime factors of w?
5, 7, 79
Suppose -3*n + 2*h - 41 = -11, 49 = -5*n + 3*h. List the prime factors of 1/(-1)*-4*(-92)/n.
2, 23
Let m be (-8)/(-10)*55/22. Suppose -m*v + v + 91 = -4*p, 5*p - 46 = -v. List the prime factors of v.
71
What are the prime factors of 2045*(-52)/(-5)*(-3)/(-12)?
13, 409
Let m(q) = q**2 - 10*q + 14. Let k be m(6). What are the prime factors of 88/(-2)*45/k?
2, 3, 11
Suppose 2*i - 2*n = 538, -29*i + 25*i + 1082 = 2*n. What are the prime factors of i?
2, 3, 5
Let h(g) = g + 12. Let c be h(0). Suppose 136 = 4*m - 4*a, m - 2*a = -c + 46. Suppose -5*f = -5*u - 95, 0 = -f - 2*u - 0*u + m. List the prime factors of f.
2, 3
Let w = 1673 + -1144. What are the prime factors of w?
23
Let w = -1647 + 3309. What are the prime factors of w?
2, 3, 277
Let n = 43 - 8. Suppose 0 = -5*t + 2*l + 88, 0*t = 2*t - l - n. List the prime factors of t/12 + (-69)/(-2).
2, 3
Let x(f) = 2*f**3 + 10*f**2 + f + 10. Let j be x(-5). Suppose -47 = -2*a - 5*r, 3*a + 0*r - 83 = -j*r. What are the prime factors of a?
2, 3
Suppose r = -0*r - 15. Let l = -15 - r. Let s(f) = -f**2 - f + 7. What are the prime factors of s(l)?
7
Suppose -d + 10 = 2*x, 2*d - 21 = 5*x + 44. Suppose -30 = -h - 5*f, 3*h = -0*f - f + d. List the prime factors of h.
5
Suppose -267 - 294 = -3*d. What are the prime factors of d?
11, 17
List the prime factors of (-11 + (-1356)/(-24))/(2/28).
7, 13
What are the prime factors of ((-14)/(-3))/((-35)/((-169785)/22))?
3, 7
Let z(r) = r**2 - 4 + 3 - 3*r**3 + 2*r - r + 0. Let x be z(3). Let g = -40 - x. List the prime factors of g.
2, 3, 5
Suppose 3*y + 90 = -7*y. What are the prime factors of (-129)/y - 3/9?
2, 7
Suppose v - 80 - 190 = 0. Suppose v = -3*u + 8*u + 5*j, -5*u + 2*j = -298. List the prime factors of u.
2, 29
Let u(t) = -4*t**2 - 3*t. Let i be u(-3). Let h = i + 23. Let x(g) = g**3 + 6*g**2 - g - 1. What are the prime factors of x(h)?
5, 7
Suppose 2*f + 62 = 2*b + 196, -3*b = -f + 203. Let u = -36 - b. Suppose 3*k + 4*g - 25 = 103, k - 4*g = u. List the prime factors of k.
2, 5
Suppose -6*u - 9548 = -11*u + r, u + r - 1906 = 0. What are the prime factors of u?
23, 83
Suppose -1880 = -2*g - 5*q, -7*g + 3*g + 4*q = -3704. What are the prime factors of g?
2, 3, 5, 31
Let g = -16 - -21. Suppose d + g = -5*h, d - 11 = 2*h + 12. List the prime factors of d.
3, 5
Let o = 8 + -5. Let d(u) = 11 - 10 + 4*u**2 - 3*u - u**o + 2*u**3. List the prime factors of d(2).
19
Let y be ((-9)/(-6))/(9/12). Suppose y*m - 4 = m. Suppose -2*o = t - m - 41, 5*o - t - 95 = 0. What are the prime factors of o?
2, 5
What are the prim